when 561809 is divided by 12967?
4228
What is the remainder when 131982 is divided by 89?
84
What is the remainder when 1169404 is divided by 2516?
1980
Calculate the remainder when 72938 is divided by 5902.
2114
Calculate the remainder when 316768856 is divided by 540.
536
Calculate the remainder when 1441872 is divided by 53399.
99
Calculate the remainder when 382722 is divided by 10167.
6543
What is the remainder when 5989903 is divided by 5989869?
34
What is the remainder when 3050532 is divided by 562?
558
What is the remainder when 10589172 is divided by 47273?
20
Calculate the remainder when 3528952 is divided by 65348.
160
Calculate the remainder when 61334447 is divided by 3606.
3599
Calculate the remainder when 1043179 is divided by 7908.
7231
What is the remainder when 5571364 is divided by 506484?
40
Calculate the remainder when 8732623 is divided by 2910780.
283
Calculate the remainder when 7463745 is divided by 63.
9
What is the remainder when 3593622 is divided by 111?
108
Calculate the remainder when 121088 is divided by 4318.
184
What is the remainder when 1818265 is divided by 1920?
25
What is the remainder when 19881 is divided by 1846?
1421
Calculate the remainder when 23893471 is divided by 2281.
2277
Calculate the remainder when 21635017 is divided by 890.
7
Calculate the remainder when 64225919 is divided by 128.
127
Calculate the remainder when 81400 is divided by 40540.
320
Calculate the remainder when 24660433 is divided by 622.
621
What is the remainder when 2783057 is divided by 927679?
20
Calculate the remainder when 13693 is divided by 1051.
30
What is the remainder when 246361492 is divided by 21?
13
What is the remainder when 16287570 is divided by 55971?
9
Calculate the remainder when 177440 is divided by 22172.
64
Calculate the remainder when 1329936007 is divided by 38.
37
What is the remainder when 21754 is divided by 352?
282
What is the remainder when 151682 is divided by 786?
770
Calculate the remainder when 6519120 is divided by 543259.
12
Calculate the remainder when 3074804 is divided by 456.
452
Calculate the remainder when 362429 is divided by 2448.
125
What is the remainder when 261176 is divided by 51?
5
What is the remainder when 2132644 is divided by 1066270?
104
What is the remainder when 165357 is divided by 1834?
297
Calculate the remainder when 1091989 is divided by 29.
23
What is the remainder when 26866 is divided by 300?
166
Calculate the remainder when 7107768 is divided by 1329.
276
Calculate the remainder when 3229968 is divided by 98.
84
What is the remainder when 224538 is divided by 37405?
108
Calculate the remainder when 29892475 is divided by 511.
508
Calculate the remainder when 87484 is divided by 2822.
2
Calculate the remainder when 15544 is divided by 3046.
314
What is the remainder when 409321648 is divided by 36?
28
Calculate the remainder when 309236 is divided by 99675.
10211
What is the remainder when 119630 is divided by 1341?
281
What is the remainder when 88028529 is divided by 44014260?
9
What is the remainder when 2456890 is divided by 1228431?
28
Calculate the remainder when 617851 is divided by 155.
21
What is the remainder when 396139 is divided by 950?
939
What is the remainder when 1808705 is divided by 467?
14
Calculate the remainder when 21452161 is divided by 236.
233
Calculate the remainder when 4091609 is divided by 14.
11
What is the remainder when 213651 is divided by 53406?
27
Calculate the remainder when 1220918918 is divided by 8.
6
What is the remainder when 91243 is divided by 6036?
703
What is the remainder when 71715844 is divided by 424354?
18
What is the remainder when 1725153 is divided by 22698?
105
Calculate the remainder when 825718 is divided by 823946.
1772
Calculate the remainder when 183945 is divided by 32.
9
Calculate the remainder when 3182047 is divided by 635.
62
What is the remainder when 390975 is divided by 97741?
11
Calculate the remainder when 78359298 is divided by 7273.
7269
What is the remainder when 269958497 is divided by 50?
47
Calculate the remainder when 11700984 is divided by 1091.
9
Calculate the remainder when 3138883 is divided by 144.
115
What is the remainder when 7450936 is divided by 23?
17
What is the remainder when 4221994 is divided by 20396?
22
Calculate the remainder when 108726483 is divided by 1174.
1169
Calculate the remainder when 457894 is divided by 50868.
82
What is the remainder when 330750 is divided by 18375?
0
Calculate the remainder when 646009 is divided by 3512.
3313
Calculate the remainder when 580289 is divided by 4298.
59
What is the remainder when 4746879 is divided by 24723?
63
What is the remainder when 3324224 is divided by 382?
60
What is the remainder when 300815 is divided by 150389?
37
Calculate the remainder when 411843 is divided by 137280.
3
Calculate the remainder when 84907 is divided by 40427.
4053
What is the remainder when 899168 is divided by 299719?
11
What is the remainder when 7761 is divided by 3170?
1421
Calculate the remainder when 303361 is divided by 268.
253
Calculate the remainder when 5143 is divided by 709.
180
Calculate the remainder when 5509316 is divided by 432.
20
What is the remainder when 46055642 is divided by 197?
194
Calculate the remainder when 67108631 is divided by 14811.
14801
Calculate the remainder when 25953 is divided by 8527.
372
What is the remainder when 23508 is divided by 3370?
3288
What is the remainder when 19118806 is divided by 27?
25
What is the remainder when 614572 is divided by 2667?
1162
What is the remainder when 26538022 is divided by 220?
82
Calculate the remainder when 13150611 is divided by 105.
96
Calculate the remainder when 2530088 is divided by 92.
88
Calculate the remainder when 1778185 is divided by 39.
19
Calculate the remainder when 17605580 is divided by 1354273.
31
Calculate the remainder when 1271724 is divided by 29.
16
What is the remainder when 5261405 is divided by 175380?
5
Calculate the remainder when 1196076 is divided by 138.
30
Calculate the remainder when 4166 is divided by 611.
500
Calculate the remainder when 201899135 is divided by 25.
10
What is the remainder when 308036 is divided by 38281?
1788
Calculate the remainder when 7775 is divided by 7732.
43
Calculate the remainder when 110054 is divided by 418.
120
What is the remainder when 145799 is divided by 2079?
269
Calculate the remainder when 17338 is divided by 3757.
2310
What is the remainder when 83811 is divided by 1404?
975
What is the remainder when 63161 is divided by 63113?
48
What is the remainder when 591885 is divided by 5691?
21
What is the remainder when 3104260 is divided by 111?
34
Calculate the remainder when 548161 is divided by 56.
33
Calculate the remainder when 365172 is divided by 10433.
17
Calculate the remainder when 580483 is divided by 44646.
85
Calculate the remainder when 21984198 is divided by 2681.
2679
Calculate the remainder when 121127 is divided by 5506.
5501
Calculate the remainder when 30329 is divided by 3335.
314
What is the remainder when 44894652 is divided by 8527?
8524
What is the remainder when 2796118 is divided by 1431?
1375
Calculate the remainder when 68576287 is divided by 17144071.
3
Calculate the remainder when 241108 is divided by 594.
538
What is the remainder when 51816882 is divided by 2834?
26
Calculate the remainder when 287998 is divided by 57597.
13
Calculate the remainder when 21548441 is divided by 638.
629
What is the remainder when 1550882 is divided by 387716?
18
Calculate the remainder when 808965 is divided by 4676.
17
Calculate the remainder when 34332 is divided by 34289.
43
What is the remainder when 180232 is divided by 22512?
136
Calculate the remainder when 182333 is divided by 13016.
109
What is the remainder when 16685203 is divided by 51?
43
Calculate the remainder when 48278 is divided by 24122.
34
Calculate the remainder when 1461349 is divided by 1227.
1219
What is the remainder when 12669591 is divided by 2078?
25
What is the remainder when 2359268 is divided by 7586?
22
Calculate the remainder when 9935 is divided by 69.
68
What is the remainder when 3238049 is divided by 1756?
1741
Calculate the remainder when 151393512 is divided by 21627642.
18
What is the remainder